{"id":84,"date":"2015-05-25T19:37:28","date_gmt":"2015-05-25T19:37:28","guid":{"rendered":"http:\/\/tegelon.se\/?page_id=84"},"modified":"2017-07-13T08:07:29","modified_gmt":"2017-07-13T08:07:29","slug":"tegelons-historia","status":"publish","type":"page","link":"http:\/\/tegelon.se\/index.php\/for-medlemmar\/tegelons-historia\/","title":{"rendered":"Historia"},"content":{"rendered":"<p>Tegel\u00f6n, eller Mader\u00f6 som \u00f6n hette p\u00e5 1500-talet, omn\u00e4mns f\u00f6rsta g\u00e5ngen i skrivna k\u00e4llor p\u00e5 1530-talet. P\u00e5 \u00f6n fanns d\u00e5 en skattlagd fastighet-ett skattetorp. Fr\u00e5n 1667 fram till l880-talet kom Tegel\u00f6n att h\u00f6ra till Velamsunds g\u00e5rd. P\u00e5 Mader\u00f6n &#8211; senare Tegel\u00f6n &#8211; fanns p\u00e5 1600- och 1700-talen ett tegelbruk bel\u00e4get i n\u00e4rheten av fastigheten Sj\u00f6stugan invid en vik p\u00e5 \u00f6ns s\u00f6dra sida. P\u00e5 1850-talet l\u00e4t d\u00e5varande \u00e4garen av Velamsunds g\u00e5rd uppf\u00f6ra n\u00e5gra sommarvillor ute p\u00e5 Tegel\u00f6n. Dessa villor s\u00e5ldes inte utan hyrdes ut till sommarg\u00e4ster.<\/p>\n<p><a href=\"http:\/\/tegelon.se\/wp-content\/uploads\/2015\/05\/\u00d6wimret.jpg\"><img loading=\"lazy\" decoding=\"async\" class=\"alignnone size-full wp-image-227\" src=\"http:\/\/tegelon.se\/wp-content\/uploads\/2015\/05\/\u00d6wimret.jpg\" alt=\"\u00d6wimret\" width=\"510\" height=\"310\" \/><\/a><\/p>\n<p>Grosshandlare Emil Egnell som 1880 f\u00f6rv\u00e4rvade Velamsunds g\u00e5rd och \u00e4gor, l\u00e4t emellertid t\u00e4mligen omg\u00e5ende s\u00e4lja de redan bebyggda fastigheterna p\u00e5 Tegel\u00f6n och styckade \u00e4ven av ytterligare tomter. 1880 skall det ha funnits 17 villor p\u00e5 \u00f6n. 1880- och 1890-talen blev decennier med intensiv byggnadsverksamhet p\u00e5 \u00f6n. Det var fr\u00e4mst tomterna l\u00e4ngs str\u00e4nderna som bebyggdes. Det \u00e4r s\u00e5ledes utmed strandkanterna vi hittar de \u00e4ldsta sommarvillorna p\u00e5 stora, rymliga och oregelbundna tomter.<\/p>\n<p>\u00c5ngb\u00e5tsf\u00f6rbindelserna f\u00f6rb\u00e4ttrades och inte mindre \u00e4n fyra \u00e5ngb\u00e5tsbryggor fanns vid 1890-talets mitt: Toppudden, V\u00e5rfruudden, Wimret och Baggetorp.<\/p>\n<p>De tidiga sommarvillorna fr\u00e5n tiden 1860-1900, \u00e4r hus med mycken snickargl\u00e4de, torn och tinnar. H\u00e4r har man inte sparat p\u00e5 l\u00f6vs\u00e5gade f\u00f6nsteromfattningar och verandagarnityr. De vitm\u00e5lade dekorationerna avspeglar sig mjukt mot de oftast ljust m\u00e5lade v\u00e4ggarna. Husen, vanligen med tv\u00e5 v\u00e5ningar, \u00e4r av regelkonstruktion i tr\u00e4 och v\u00e4ggarna kl\u00e4dda med panel. Inte s\u00e4llan betonas i fasaden sj\u00e4lva regelkonstruktionen genom att krysst\u00e4llda tr\u00e4stavar har applicerats utanp\u00e5 panelen, ett mode importerat fr\u00e5n USA. Det \u00e4r vanligt att husen har b\u00e5de en och flera verandor, \u00f6ppna eller inglasade med praktfullt spr\u00f6jsade rutor.<\/p>\n<p>Det stora flertalet av de \u00e4ldre sommarvillorna p\u00e5 Tegel\u00f6n och p\u00e5 grann\u00f6n Tisdan \u00e4r mycket v\u00e4l bevarade och utg\u00f6r en omistlig del av sommarvillebest\u00e5ndet i kommunen.<\/p>\n","protected":false},"excerpt":{"rendered":"<p>Tegel\u00f6n, eller Mader\u00f6 som \u00f6n hette p\u00e5 1500-talet, omn\u00e4mns f\u00f6rsta g\u00e5ngen i skrivna k\u00e4llor p\u00e5 1530-talet. P\u00e5 \u00f6n fanns d\u00e5 en skattlagd fastighet-ett skattetorp. Fr\u00e5n 1667 fram till l880-talet kom &hellip; <a href=\"http:\/\/tegelon.se\/index.php\/for-medlemmar\/tegelons-historia\/\" class=\"more-link\">Forts\u00e4tt l\u00e4sa <span class=\"screen-reader-text\">Historia<\/span> <span class=\"meta-nav\">&rarr;<\/span><\/a><\/p>\n","protected":false},"author":1,"featured_media":0,"parent":67,"menu_order":0,"comment_status":"open","ping_status":"open","template":"","meta":{"footnotes":""},"class_list":["post-84","page","type-page","status-publish","hentry"],"_links":{"self":[{"href":"http:\/\/tegelon.se\/index.php\/wp-json\/wp\/v2\/pages\/84","targetHints":{"allow":["GET"]}}],"collection":[{"href":"http:\/\/tegelon.se\/index.php\/wp-json\/wp\/v2\/pages"}],"about":[{"href":"http:\/\/tegelon.se\/index.php\/wp-json\/wp\/v2\/types\/page"}],"author":[{"embeddable":true,"href":"http:\/\/tegelon.se\/index.php\/wp-json\/wp\/v2\/users\/1"}],"replies":[{"embeddable":true,"href":"http:\/\/tegelon.se\/index.php\/wp-json\/wp\/v2\/comments?post=84"}],"version-history":[{"count":3,"href":"http:\/\/tegelon.se\/index.php\/wp-json\/wp\/v2\/pages\/84\/revisions"}],"predecessor-version":[{"id":442,"href":"http:\/\/tegelon.se\/index.php\/wp-json\/wp\/v2\/pages\/84\/revisions\/442"}],"up":[{"embeddable":true,"href":"http:\/\/tegelon.se\/index.php\/wp-json\/wp\/v2\/pages\/67"}],"wp:attachment":[{"href":"http:\/\/tegelon.se\/index.php\/wp-json\/wp\/v2\/media?parent=84"}],"curies":[{"name":"wp","href":"https:\/\/api.w.org\/{rel}","templated":true}]}}