{"id":76,"date":"2015-05-25T19:34:02","date_gmt":"2015-05-25T19:34:02","guid":{"rendered":"http:\/\/tegelon.se\/?page_id=76"},"modified":"2020-01-12T19:20:29","modified_gmt":"2020-01-12T19:20:29","slug":"hitta-hit","status":"publish","type":"page","link":"http:\/\/tegelon.se\/index.php\/for-medlemmar\/hitta-hit\/","title":{"rendered":"Hitta hit"},"content":{"rendered":"<p><b>Karta (Eniro)<\/b><br \/>\n<a href=\"http:\/\/kartor.eniro.se\/m\/YbWRF\" target=\"_blank\" rel=\"noopener noreferrer\">Hitta till bilparkeringen p\u00e5 Sommarbo<\/a><\/p>\n<p><b>Waxholmsbolagets tidtabeller<\/b> (S\u00f6k p\u00e5 brygga Tegel\u00f6n)<br \/>\n<a href=\"https:\/\/waxholmsbolaget.se\/tidtabeller\" target=\"_blank\" rel=\"noopener noreferrer\">waxholmsbolaget.se\/tidtabeller<\/a><\/p>\n<p><b>SL busstidtabell<\/b><br \/>\n<a href=\"http:\/\/sl.se\/ficktid\/sommar\/S421.pdf\" target=\"_blank\" rel=\"noopener noreferrer\">Buss 421<\/a><br \/>\n<a href=\"http:\/\/sl.se\/ficktid\/vinter\/H441.pdf\" target=\"_blank\" rel=\"noopener noreferrer\">Buss 441<\/a><\/p>\n<p><b>GPS-koordinater<\/b><br \/>\n59\u00b021&#8217;42.2&#8243;N 18\u00b019&#8217;17.7&#8243;E<\/p>\n","protected":false},"excerpt":{"rendered":"<p>Karta (Eniro) Hitta till bilparkeringen p\u00e5 Sommarbo Waxholmsbolagets tidtabeller (S\u00f6k p\u00e5 brygga Tegel\u00f6n) waxholmsbolaget.se\/tidtabeller SL busstidtabell Buss 421 Buss 441 GPS-koordinater 59\u00b021&#8217;42.2&#8243;N 18\u00b019&#8217;17.7&#8243;E<\/p>\n","protected":false},"author":1,"featured_media":0,"parent":67,"menu_order":0,"comment_status":"open","ping_status":"open","template":"","meta":{"footnotes":""},"class_list":["post-76","page","type-page","status-publish","hentry"],"_links":{"self":[{"href":"http:\/\/tegelon.se\/index.php\/wp-json\/wp\/v2\/pages\/76","targetHints":{"allow":["GET"]}}],"collection":[{"href":"http:\/\/tegelon.se\/index.php\/wp-json\/wp\/v2\/pages"}],"about":[{"href":"http:\/\/tegelon.se\/index.php\/wp-json\/wp\/v2\/types\/page"}],"author":[{"embeddable":true,"href":"http:\/\/tegelon.se\/index.php\/wp-json\/wp\/v2\/users\/1"}],"replies":[{"embeddable":true,"href":"http:\/\/tegelon.se\/index.php\/wp-json\/wp\/v2\/comments?post=76"}],"version-history":[{"count":11,"href":"http:\/\/tegelon.se\/index.php\/wp-json\/wp\/v2\/pages\/76\/revisions"}],"predecessor-version":[{"id":699,"href":"http:\/\/tegelon.se\/index.php\/wp-json\/wp\/v2\/pages\/76\/revisions\/699"}],"up":[{"embeddable":true,"href":"http:\/\/tegelon.se\/index.php\/wp-json\/wp\/v2\/pages\/67"}],"wp:attachment":[{"href":"http:\/\/tegelon.se\/index.php\/wp-json\/wp\/v2\/media?parent=76"}],"curies":[{"name":"wp","href":"https:\/\/api.w.org\/{rel}","templated":true}]}}