{"id":2,"date":"2015-05-22T13:43:37","date_gmt":"2015-05-22T13:43:37","guid":{"rendered":"http:\/\/tegelon.se\/?page_id=2"},"modified":"2024-06-27T15:12:53","modified_gmt":"2024-06-27T15:12:53","slug":"parkering-och-batplatser","status":"publish","type":"page","link":"http:\/\/tegelon.se\/index.php\/parkering-och-batplatser\/","title":{"rendered":"Parkering och b\u00e5tplatser"},"content":{"rendered":"<p><b>P\u00e5 denna sida<\/b><\/p>\n<ol type=\"1\">\n<li><a href=\"#register\">Vems \u00e4r b\u00e5t\/parkeringsplatsen?<\/a><\/li>\n<li><a href=\"#kartor\">Parkering och hamnkartor<\/a><\/li>\n<li><a href=\"#policy\">Parkeringsregler och bryggpolicies<\/a><\/li>\n<li><a href=\"#parkeringstillst\u00e5nd\">Parkeringstillst\u00e5nd<\/a><\/li>\n<li><a href=\"#parkeringstips\">N\u00e4r g\u00e4stparkeringen \u00e4r full<\/a><\/li>\n<li><a href=\"#sj\u00f6s\u00e4ttningsrampen\">Sj\u00f6s\u00e4ttningsrampen p\u00e5 Sommarbo<\/a><\/li>\n<li><a href=\"#b\u00e5tuppl\u00e4ggning\">Var kan jag vinterf\u00f6rvara b\u00e5ten p\u00e5 Sommarbo?<\/a><\/li>\n<\/ol>\n<h2 id=\"register\">Vems \u00e4r b\u00e5t\/parkeringsplatsen?<\/h2>\n<p><a href=\"http:\/\/tegelon.se\/index.php\/medlemsregister\/\"><u>Medlemsregister<\/u><\/a><br \/>Sidan inneh\u00e5ller en f\u00f6rteckning \u00f6ver medlemmarnas adresser och respektive parkerings- och b\u00e5tplatser p\u00e5 Sommarbo och Tegel\u00f6n, samt fastighetskarta.<\/p>\n<h5>Hamnkapten<\/h5>\n<p>Se <a href=\"https:\/\/tegelon.se\/index.php\/styrelsen-och-fortroendevalda\/\">Styrelsen och f\u00f6rtroendevalda<\/a><\/p>\n<hr \/>\n<h2 id=\"kartor\">Parkering och hamnkartor<\/h2>\n<h5>Parkeringen Sommarbo<a href=\"http:\/\/tegelon.se\/wp-content\/uploads\/2020\/01\/parkeringskarta.jpg\"><img loading=\"lazy\" decoding=\"async\" class=\"aligncenter size-large wp-image-705\" src=\"http:\/\/tegelon.se\/wp-content\/uploads\/2020\/01\/parkeringskarta-1024x443.jpg\" alt=\"\" width=\"604\" height=\"261\" srcset=\"http:\/\/tegelon.se\/wp-content\/uploads\/2020\/01\/parkeringskarta-1024x443.jpg 1024w, http:\/\/tegelon.se\/wp-content\/uploads\/2020\/01\/parkeringskarta-300x130.jpg 300w, http:\/\/tegelon.se\/wp-content\/uploads\/2020\/01\/parkeringskarta-768x333.jpg 768w, http:\/\/tegelon.se\/wp-content\/uploads\/2020\/01\/parkeringskarta-1536x665.jpg 1536w, http:\/\/tegelon.se\/wp-content\/uploads\/2020\/01\/parkeringskarta.jpg 2014w\" sizes=\"auto, (max-width: 604px) 100vw, 604px\" \/><\/a><\/h5>\n<h5>Pontonbryggan Sommarbo<a href=\"http:\/\/tegelon.se\/wp-content\/uploads\/2015\/05\/pontonbryggan-sommarbo.jpg\"><img loading=\"lazy\" decoding=\"async\" class=\"alignnone size-full wp-image-41\" src=\"http:\/\/tegelon.se\/wp-content\/uploads\/2015\/05\/pontonbryggan-sommarbo.jpg\" alt=\"pontonbryggan sommarbo\" width=\"3120\" height=\"1580\" \/><\/a><\/h5>\n<h5>Kajplatser Sommarbo<a href=\"http:\/\/tegelon.se\/wp-content\/uploads\/2017\/07\/Kajplatser-GA2.jpg\"><img loading=\"lazy\" decoding=\"async\" class=\"alignnone size-full wp-image-40\" src=\"http:\/\/tegelon.se\/wp-content\/uploads\/2017\/07\/Kajplatser-GA2.jpg\" alt=\"kajen sommarbo\" width=\"2356\" height=\"1123\" \/><\/a><\/h5>\n<h5>Pontonbryggan Tegel\u00f6n<a href=\"http:\/\/tegelon.se\/wp-content\/uploads\/2015\/05\/pontonbryggan-tegel\u00f6n.jpg\"><img loading=\"lazy\" decoding=\"async\" class=\"alignnone size-full wp-image-39\" src=\"http:\/\/tegelon.se\/wp-content\/uploads\/2015\/05\/pontonbryggan-tegel\u00f6n.jpg\" alt=\"pontonbryggan tegel\u00f6n\" width=\"2412\" height=\"1312\" \/><\/a><\/h5>\n<hr \/>\n<h2 id=\"policy\">Regler och policies<\/h2>\n<ul>\n<li>Se\u00a0<a href=\"http:\/\/tegelon.se\/index.php\/samfallighetsforeningen\/policies#Sommarbo\">Policies<\/a><\/li>\n<\/ul>\n<hr \/>\n<h2 id=\"parkeringstillst\u00e5nd\">Parkeringstillst\u00e5nd<\/h2>\n<p>Om du beh\u00f6ver nya parkeringstillst\u00e5nd, kontakta Roger Marminge p\u00e5 <a href=\"mailto:info@tegelon.se?Subject=Parkeringstillst\u00e5nd%20again\" target=\"_top\" rel=\"noopener noreferrer\">info@tegelon.se<\/a>.<\/p>\n<hr \/>\n<h2 id=\"parkeringstips\">N\u00e4r g\u00e4stparkeringen \u00e4r full<\/h2>\n<p>G\u00e4stparkeringen \u00e4r ofta full vid helger och h\u00f6gtider. Tipsa g\u00e4rna era g\u00e4ster om bilparkeringen vid Velamsund. D\u00e4r finns gott om utrymme och parkering \u00e4r gratis.<\/p>\n<hr \/>\n<h2 id=\"sj\u00f6s\u00e4ttningsrampen\">Sj\u00f6s\u00e4ttningsrampen p\u00e5 Sommarbo<\/h2>\n<p>Medlem i Tegel\u00f6ns samf\u00e4llighetsf\u00f6rening kan kvittera ut 1 st. nyckel per fastighet\/medlem mot 100: &#8211; i deposition hos Johan Warpe (fastighet 1:29 p\u00e5 Norra Promenaden).<\/p>\n<hr \/>\n<h2 id=\"b\u00e5tuppl\u00e4ggning\">Var kan jag vinterf\u00f6rvara b\u00e5ten p\u00e5 Sommarbo?<\/h2>\n<p>B\u00e5tar f\u00e5r vinterf\u00f6rvaras p\u00e5 parkeringen p\u00e5 platser 5-18 och 21-29 under perioden 15:e oktober till 15:e april. Vi vill ej att b\u00e5tar l\u00e4ggs upp p\u00e5 de r\u00f6dmarkerade omr\u00e5dena i kartan nedan. Dessa m\u00e5ste vara tomma f\u00f6r att underl\u00e4tta sn\u00f6r\u00f6jningen.<\/p>\n\n\n<figure class=\"wp-block-image size-large\"><img loading=\"lazy\" decoding=\"async\" width=\"1024\" height=\"456\" src=\"http:\/\/tegelon.se\/wp-content\/uploads\/2020\/01\/parkeringskarta_ba\u030atuppla\u0308ggning-1024x456.jpg\" alt=\"\" class=\"wp-image-680\" srcset=\"http:\/\/tegelon.se\/wp-content\/uploads\/2020\/01\/parkeringskarta_ba\u030atuppla\u0308ggning-1024x456.jpg 1024w, http:\/\/tegelon.se\/wp-content\/uploads\/2020\/01\/parkeringskarta_ba\u030atuppla\u0308ggning-300x134.jpg 300w, http:\/\/tegelon.se\/wp-content\/uploads\/2020\/01\/parkeringskarta_ba\u030atuppla\u0308ggning-768x342.jpg 768w, http:\/\/tegelon.se\/wp-content\/uploads\/2020\/01\/parkeringskarta_ba\u030atuppla\u0308ggning-1536x684.jpg 1536w, http:\/\/tegelon.se\/wp-content\/uploads\/2020\/01\/parkeringskarta_ba\u030atuppla\u0308ggning-604x270.jpg 604w, http:\/\/tegelon.se\/wp-content\/uploads\/2020\/01\/parkeringskarta_ba\u030atuppla\u0308ggning.jpg 2043w\" sizes=\"auto, (max-width: 1024px) 100vw, 1024px\" \/><\/figure>\n","protected":false},"excerpt":{"rendered":"<p>P\u00e5 denna sida Vems \u00e4r b\u00e5t\/parkeringsplatsen? Parkering och hamnkartor Parkeringsregler och bryggpolicies Parkeringstillst\u00e5nd N\u00e4r g\u00e4stparkeringen \u00e4r full Sj\u00f6s\u00e4ttningsrampen p\u00e5 Sommarbo Var kan jag vinterf\u00f6rvara b\u00e5ten p\u00e5 Sommarbo? Vems \u00e4r b\u00e5t\/parkeringsplatsen? &hellip; <a href=\"http:\/\/tegelon.se\/index.php\/parkering-och-batplatser\/\" class=\"more-link\">Forts\u00e4tt l\u00e4sa <span class=\"screen-reader-text\">Parkering och b\u00e5tplatser<\/span> <span class=\"meta-nav\">&rarr;<\/span><\/a><\/p>\n","protected":false},"author":1,"featured_media":0,"parent":0,"menu_order":0,"comment_status":"open","ping_status":"closed","template":"","meta":{"footnotes":""},"class_list":["post-2","page","type-page","status-publish","hentry"],"_links":{"self":[{"href":"http:\/\/tegelon.se\/index.php\/wp-json\/wp\/v2\/pages\/2","targetHints":{"allow":["GET"]}}],"collection":[{"href":"http:\/\/tegelon.se\/index.php\/wp-json\/wp\/v2\/pages"}],"about":[{"href":"http:\/\/tegelon.se\/index.php\/wp-json\/wp\/v2\/types\/page"}],"author":[{"embeddable":true,"href":"http:\/\/tegelon.se\/index.php\/wp-json\/wp\/v2\/users\/1"}],"replies":[{"embeddable":true,"href":"http:\/\/tegelon.se\/index.php\/wp-json\/wp\/v2\/comments?post=2"}],"version-history":[{"count":61,"href":"http:\/\/tegelon.se\/index.php\/wp-json\/wp\/v2\/pages\/2\/revisions"}],"predecessor-version":[{"id":964,"href":"http:\/\/tegelon.se\/index.php\/wp-json\/wp\/v2\/pages\/2\/revisions\/964"}],"wp:attachment":[{"href":"http:\/\/tegelon.se\/index.php\/wp-json\/wp\/v2\/media?parent=2"}],"curies":[{"name":"wp","href":"https:\/\/api.w.org\/{rel}","templated":true}]}}